{"id":11,"date":"2018-10-18T13:54:03","date_gmt":"2018-10-18T11:54:03","guid":{"rendered":"http:\/\/4c-engineering.com\/?page_id=11"},"modified":"2022-10-21T09:28:31","modified_gmt":"2022-10-21T07:28:31","slug":"ingenierie-cotiere","status":"publish","type":"page","link":"https:\/\/4c-engineering.com\/?page_id=11","title":{"rendered":"Ing\u00e9nierie C\u00f4ti\u00e8re"},"content":{"rendered":"<p>Les services propos\u00e9s par 4C Engineering en ing\u00e9nierie maritime couvrent :<\/p>\n<ul>\n<li>Diagnostic d\u2019un ouvrage maritime existant<\/li>\n<li>Etudes de faisabilit\u00e9 et d\u2019esquisses pour un nouveau projet (ESQ)<\/li>\n<li>Etudes techniques sur l\u2019environnement marin (AVP et PRO)\n<ul>\n<li>Etudes m\u00e9t\u00e9orologiques au large d\u2019un site d\u2019\u00e9tude<\/li>\n<li>Etablissement des vents et houles de projet au large<\/li>\n<li>Etude de l\u2019oc\u00e9anographie g\u00e9n\u00e9rale autour d\u2019un site d\u2019\u00e9tude<\/li>\n<li>Etude hydrodynamiques et mod\u00e9lisation&nbsp;:\n<ul>\n<li>Etudes de propagation et de transfert de la houle du large \u00e0 la cote<\/li>\n<li>Etudes d\u2019agitation de la houle dans un port ou une marina<\/li>\n<li>Etudes morpho-dynamique et dynamique hydro-s\u00e9dimentaire<\/li>\n<li>Etudes et suivi en canal \u00e0 houle en 2D<\/li>\n<li>Etudes et suivi en bassin \u00e0 houle en 3D<\/li>\n<\/ul>\n<\/li>\n<li>Etude de design d\u2019ouvrages en milieu c\u00f4tier<\/li>\n<li>Strat\u00e9gies de lutte contre l\u2019\u00e9rosion du littoral<\/li>\n<li>Etude d\u2019impact sur l\u2019environnement<\/li>\n<li>R\u00e9daction des documents administratifs<\/li>\n<li>R\u00e9daction des documents d\u2019appel d\u2019offres<\/li>\n<li>Assistance \u00e0 Maitrise d\u2019Ouvrage pour la passation des contrats (ACT)<\/li>\n<li>Expertise<\/li>\n<li>D\u00e9finition de plans de gestion des risques \u00e0 court, moyen et long terme pour les collectivit\u00e9s (GEMAPI)<\/li>\n<li>Formations et conf\u00e9rences<\/li>\n<\/ul>\n<\/li>\n<\/ul>\n\n\n<p><\/p>\n","protected":false},"excerpt":{"rendered":"<p>Les services propos\u00e9s par 4C Engineering en ing\u00e9nierie maritime couvrent : Diagnostic d\u2019un ouvrage maritime existant Etudes de faisabilit\u00e9 et d\u2019esquisses pour un nouveau projet (ESQ) Etudes techniques sur l\u2019environnement marin (AVP et PRO) Etudes m\u00e9t\u00e9orologiques au large d\u2019un site d\u2019\u00e9tude Etablissement des vents et houles de projet au large Etude de l\u2019oc\u00e9anographie g\u00e9n\u00e9rale autour &hellip; <\/p>\n<p class=\"link-more\"><a href=\"https:\/\/4c-engineering.com\/?page_id=11\" class=\"more-link\">Continuer la lecture<span class=\"screen-reader-text\"> de &laquo;&nbsp;Ing\u00e9nierie C\u00f4ti\u00e8re&nbsp;&raquo;<\/span><\/a><\/p>\n","protected":false},"author":1,"featured_media":0,"parent":0,"menu_order":0,"comment_status":"closed","ping_status":"closed","template":"","meta":{"footnotes":""},"_links":{"self":[{"href":"https:\/\/4c-engineering.com\/index.php?rest_route=\/wp\/v2\/pages\/11"}],"collection":[{"href":"https:\/\/4c-engineering.com\/index.php?rest_route=\/wp\/v2\/pages"}],"about":[{"href":"https:\/\/4c-engineering.com\/index.php?rest_route=\/wp\/v2\/types\/page"}],"author":[{"embeddable":true,"href":"https:\/\/4c-engineering.com\/index.php?rest_route=\/wp\/v2\/users\/1"}],"replies":[{"embeddable":true,"href":"https:\/\/4c-engineering.com\/index.php?rest_route=%2Fwp%2Fv2%2Fcomments&post=11"}],"version-history":[{"count":5,"href":"https:\/\/4c-engineering.com\/index.php?rest_route=\/wp\/v2\/pages\/11\/revisions"}],"predecessor-version":[{"id":195,"href":"https:\/\/4c-engineering.com\/index.php?rest_route=\/wp\/v2\/pages\/11\/revisions\/195"}],"wp:attachment":[{"href":"https:\/\/4c-engineering.com\/index.php?rest_route=%2Fwp%2Fv2%2Fmedia&parent=11"}],"curies":[{"name":"wp","href":"https:\/\/api.w.org\/{rel}","templated":true}]}}